CRAN Package Check Results for Package interleave

Last updated on 2022-01-27 15:53:37 CET.

Flavor Version Tinstall Tcheck Ttotal Status Flags
r-devel-linux-x86_64-debian-clang 0.1.1 31.34 34.73 66.07 NOTE
r-devel-linux-x86_64-debian-gcc 0.1.1 27.87 27.83 55.70 NOTE
r-devel-linux-x86_64-fedora-clang 0.1.1 99.50 NOTE
r-devel-linux-x86_64-fedora-gcc 0.1.1 84.30 NOTE
r-devel-windows-x86_64-new-UL 0.1.1 77.00 79.00 156.00 NOTE
r-devel-windows-x86_64-new-TK 0.1.1 NOTE
r-patched-linux-x86_64 0.1.1 32.83 33.54 66.37 NOTE
r-release-linux-x86_64 0.1.1 31.45 33.65 65.10 NOTE
r-release-macos-arm64 0.1.1 NOTE
r-release-macos-x86_64 0.1.1 NOTE
r-release-windows-ix86+x86_64 0.1.1 84.00 73.00 157.00 NOTE
r-oldrel-macos-x86_64 0.1.1 OK
r-oldrel-windows-ix86+x86_64 0.1.1 84.00 68.00 152.00 OK

Check Details

Version: 0.1.1
Check: LazyData
Result: NOTE
     'LazyData' is specified without a 'data' directory
Flavors: r-devel-linux-x86_64-debian-clang, r-devel-linux-x86_64-debian-gcc, r-devel-linux-x86_64-fedora-clang, r-devel-linux-x86_64-fedora-gcc, r-devel-windows-x86_64-new-UL, r-devel-windows-x86_64-new-TK, r-patched-linux-x86_64, r-release-linux-x86_64, r-release-macos-arm64, r-release-macos-x86_64, r-release-windows-ix86+x86_64