CRAN Package Check Results for Package interactions

Last updated on 2024-07-25 04:49:55 CEST.

Flavor Version Tinstall Tcheck Ttotal Status Flags
r-devel-linux-x86_64-debian-clang 1.1.5 8.12 311.28 319.40 NOTE
r-devel-linux-x86_64-debian-gcc 1.1.5 6.68 230.04 236.72 NOTE
r-devel-linux-x86_64-fedora-clang 1.1.5 397.66 NOTE
r-devel-linux-x86_64-fedora-gcc 1.1.5 397.20 NOTE
r-devel-windows-x86_64 1.1.5 11.00 202.00 213.00 NOTE
r-patched-linux-x86_64 1.1.5 13.92 296.20 310.12 NOTE
r-release-linux-x86_64 1.1.5 7.90 299.55 307.45 NOTE
r-release-macos-arm64 1.1.5 116.00 OK
r-release-macos-x86_64 1.1.5 260.00 OK
r-release-windows-x86_64 1.1.5 10.00 202.00 212.00 OK
r-oldrel-macos-arm64 1.1.5 111.00 OK
r-oldrel-macos-x86_64 1.1.5 192.00 OK
r-oldrel-windows-x86_64 1.1.5 12.00 266.00 278.00 OK

Check Details

Version: 1.1.5
Check: Rd cross-references
Result: NOTE Unknown package ‘pequod’ in Rd xrefs Flavors: r-devel-linux-x86_64-debian-clang, r-devel-linux-x86_64-fedora-gcc, r-patched-linux-x86_64, r-release-linux-x86_64

Version: 1.1.5
Check: Rd cross-references
Result: NOTE Unknown package ‘pequod’ in Rd xrefs Found the following Rd file(s) with Rd \link{} targets missing package anchors: as_huxtable.sim_margins.Rd: export_summs as_huxtable.sim_slopes.Rd: export_summs interact_plot.Rd: jtools_colors Please provide package anchors for all Rd \link{} targets not in the package itself and the base packages. Flavor: r-devel-linux-x86_64-debian-gcc

Version: 1.1.5
Check: Rd cross-references
Result: NOTE Undeclared packages ‘quantreg’, ‘effects’, ‘Hmisc’, ‘rockchalk’, ‘pequod’ in Rd xrefs Unknown package ‘pequod’ in Rd xrefs Flavor: r-devel-linux-x86_64-fedora-clang

Version: 1.1.5
Check: Rd cross-references
Result: NOTE Found the following Rd file(s) with Rd \link{} targets missing package anchors: as_huxtable.sim_margins.Rd: export_summs as_huxtable.sim_slopes.Rd: export_summs interact_plot.Rd: jtools_colors Please provide package anchors for all Rd \link{} targets not in the package itself and the base packages. Flavor: r-devel-windows-x86_64