CRAN Package Check Results for Package intensity.analysis

Last updated on 2021-10-24 03:51:12 CEST.

Flavor Version Tinstall Tcheck Ttotal Status Flags
r-devel-linux-x86_64-debian-clang 0.1.6 26.14 271.97 298.11 NOTE
r-devel-linux-x86_64-debian-gcc 0.1.6 20.28 199.41 219.69 NOTE
r-devel-linux-x86_64-fedora-clang 0.1.6 353.97 NOTE
r-devel-linux-x86_64-fedora-gcc 0.1.6 340.86 NOTE
r-devel-windows-x86_64 0.1.6 39.00 301.00 340.00 NOTE
r-devel-windows-x86_64-gcc10-UCRT 0.1.6 NOTE
r-patched-linux-x86_64 0.1.6 21.02 258.57 279.59 NOTE
r-patched-solaris-x86 0.1.6 235.50 NOTE
r-release-linux-x86_64 0.1.6 21.07 257.97 279.04 NOTE
r-release-macos-arm64 0.1.6 NOTE
r-release-macos-x86_64 0.1.6 NOTE
r-release-windows-ix86+x86_64 0.1.6 46.00 303.00 349.00 NOTE
r-oldrel-macos-x86_64 0.1.6 NOTE
r-oldrel-windows-ix86+x86_64 0.1.6 28.00 159.00 187.00 OK

Check Details

Version: 0.1.6
Check: LazyData
Result: NOTE
     'LazyData' is specified without a 'data' directory
Flavors: r-devel-linux-x86_64-debian-clang, r-devel-linux-x86_64-debian-gcc, r-devel-linux-x86_64-fedora-clang, r-devel-linux-x86_64-fedora-gcc, r-devel-windows-x86_64, r-devel-windows-x86_64-gcc10-UCRT, r-patched-linux-x86_64, r-patched-solaris-x86, r-release-linux-x86_64, r-release-macos-arm64, r-release-macos-x86_64, r-release-windows-ix86+x86_64

Version: 0.1.6
Check: dependencies in R code
Result: NOTE
    Namespace in Imports field not imported from: ‘grDevices’
     All declared Imports should be used.
Flavors: r-devel-linux-x86_64-fedora-clang, r-devel-linux-x86_64-fedora-gcc, r-devel-windows-x86_64-gcc10-UCRT, r-patched-solaris-x86, r-release-macos-arm64, r-release-macos-x86_64, r-oldrel-macos-x86_64