CRAN Package Check Results for Package intccr

Last updated on 2024-07-19 03:57:23 CEST.

Flavor Version Tinstall Tcheck Ttotal Status Flags
r-devel-linux-x86_64-debian-clang 3.0.4 7.25 59.75 67.00 OK
r-devel-linux-x86_64-debian-gcc 3.0.4 5.55 43.81 49.36 OK
r-devel-linux-x86_64-fedora-clang 3.0.4 86.27 NOTE
r-devel-linux-x86_64-fedora-gcc 3.0.4 94.72 NOTE
r-devel-windows-x86_64 3.0.4 8.00 66.00 74.00 OK
r-patched-linux-x86_64 3.0.4 10.86 57.61 68.47 OK
r-release-linux-x86_64 3.0.4 7.29 55.99 63.28 OK
r-release-macos-arm64 3.0.4 29.00 OK
r-release-macos-x86_64 3.0.4 46.00 OK
r-release-windows-x86_64 3.0.4 8.00 67.00 75.00 OK
r-oldrel-macos-arm64 3.0.4 33.00 OK
r-oldrel-macos-x86_64 3.0.4 50.00 OK
r-oldrel-windows-x86_64 3.0.4 10.00 70.00 80.00 OK

Check Details

Version: 3.0.4
Check: dependencies in R code
Result: NOTE Namespace in Imports field not imported from: ‘splines2’ All declared Imports should be used. Flavors: r-devel-linux-x86_64-fedora-clang, r-devel-linux-x86_64-fedora-gcc