CRAN Package Check Results for Package intRvals

Last updated on 2022-01-27 15:53:37 CET.

Flavor Version Tinstall Tcheck Ttotal Status Flags
r-devel-linux-x86_64-debian-clang 1.0.0 11.47 108.34 119.81 OK
r-devel-linux-x86_64-debian-gcc 1.0.0 9.28 83.28 92.56 OK
r-devel-linux-x86_64-fedora-clang 1.0.0 137.94 OK
r-devel-linux-x86_64-fedora-gcc 1.0.0 132.79 OK
r-devel-windows-x86_64-new-UL 1.0.0 39.00 136.00 175.00 OK
r-devel-windows-x86_64-new-TK 1.0.0 ERROR
r-patched-linux-x86_64 1.0.0 9.17 96.59 105.76 OK
r-release-linux-x86_64 1.0.0 10.30 97.04 107.34 OK
r-release-macos-arm64 1.0.0 OK
r-release-macos-x86_64 1.0.0 OK
r-release-windows-ix86+x86_64 1.0.0 20.00 121.00 141.00 OK
r-oldrel-macos-x86_64 1.0.0 OK
r-oldrel-windows-ix86+x86_64 1.0.0 20.00 118.00 138.00 OK

Check Details

Version: 1.0.0
Check: package dependencies
Result: ERROR
    Package required but not available: 'lme4'
    
    See section 'The DESCRIPTION file' in the 'Writing R Extensions'
    manual.
Flavor: r-devel-windows-x86_64-new-TK