CRAN Package Check Results for Package insuranceData

Last updated on 2023-06-07 04:04:02 CEST.

Flavor Version Tinstall Tcheck Ttotal Status Flags
r-devel-linux-x86_64-debian-clang 1.0 1.40 19.51 20.91 NOTE
r-devel-linux-x86_64-debian-gcc 1.0 1.18 15.61 16.79 NOTE
r-devel-linux-x86_64-fedora-clang 1.0 27.45 NOTE
r-devel-linux-x86_64-fedora-gcc 1.0 26.93 NOTE
r-devel-windows-x86_64 1.0 2.00 38.00 40.00 NOTE
r-patched-linux-x86_64 1.0 1.90 19.33 21.23 NOTE
r-release-linux-x86_64 1.0 1.84 19.25 21.09 NOTE
r-release-macos-arm64 1.0 18.00 NOTE
r-release-macos-x86_64 1.0 18.00 NOTE
r-release-windows-x86_64 1.0 2.00 44.00 46.00 NOTE
r-oldrel-macos-arm64 1.0 17.00 NOTE
r-oldrel-macos-x86_64 1.0 20.00 NOTE
r-oldrel-windows-x86_64 1.0 5.00 42.00 47.00 NOTE

Check Details

Version: 1.0
Check: DESCRIPTION meta-information
Result: NOTE
    Malformed Title field: should not end in a period.
Flavors: r-devel-linux-x86_64-debian-clang, r-devel-linux-x86_64-debian-gcc, r-devel-linux-x86_64-fedora-clang, r-devel-linux-x86_64-fedora-gcc, r-devel-windows-x86_64, r-patched-linux-x86_64, r-release-linux-x86_64, r-release-macos-arm64, r-release-macos-x86_64, r-release-windows-x86_64, r-oldrel-macos-arm64, r-oldrel-macos-x86_64, r-oldrel-windows-x86_64