CRAN Package Check Results for Package inops

Last updated on 2022-01-27 15:53:37 CET.

Flavor Version Tinstall Tcheck Ttotal Status Flags
r-devel-linux-x86_64-debian-clang 0.0.1 2.24 39.04 41.28 NOTE
r-devel-linux-x86_64-debian-gcc 0.0.1 1.79 31.38 33.17 NOTE
r-devel-linux-x86_64-fedora-clang 0.0.1 51.46 NOTE
r-devel-linux-x86_64-fedora-gcc 0.0.1 40.95 NOTE
r-devel-windows-x86_64-new-UL 0.0.1 24.00 64.00 88.00 NOTE
r-devel-windows-x86_64-new-TK 0.0.1 NOTE
r-patched-linux-x86_64 0.0.1 2.33 37.74 40.07 NOTE
r-release-linux-x86_64 0.0.1 2.26 36.68 38.94 NOTE
r-release-macos-arm64 0.0.1 NOTE
r-release-macos-x86_64 0.0.1 NOTE
r-release-windows-ix86+x86_64 0.0.1 6.00 50.00 56.00 NOTE
r-oldrel-macos-x86_64 0.0.1 OK
r-oldrel-windows-ix86+x86_64 0.0.1 8.00 49.00 57.00 OK

Check Details

Version: 0.0.1
Check: LazyData
Result: NOTE
     'LazyData' is specified without a 'data' directory
Flavors: r-devel-linux-x86_64-debian-clang, r-devel-linux-x86_64-debian-gcc, r-devel-linux-x86_64-fedora-clang, r-devel-linux-x86_64-fedora-gcc, r-devel-windows-x86_64-new-UL, r-devel-windows-x86_64-new-TK, r-patched-linux-x86_64, r-release-linux-x86_64, r-release-macos-arm64, r-release-macos-x86_64, r-release-windows-ix86+x86_64