CRAN Package Check Results for Package ingredients

Last updated on 2021-10-26 15:51:13 CEST.

Flavor Version Tinstall Tcheck Ttotal Status Flags
r-devel-linux-x86_64-debian-clang 2.2.0 7.82 848.40 856.22 OK
r-devel-linux-x86_64-debian-gcc 2.2.0 5.59 697.41 703.00 OK
r-devel-linux-x86_64-fedora-clang 2.2.0 925.16 OK
r-devel-linux-x86_64-fedora-gcc 2.2.0 911.36 OK
r-devel-windows-x86_64 2.2.0 13.00 439.00 452.00 OK
r-devel-windows-x86_64-gcc10-UCRT 2.2.0 OK
r-patched-linux-x86_64 2.2.0 8.49 795.60 804.09 OK
r-patched-solaris-x86 2.2.0 4928.80 ERROR
r-release-linux-x86_64 2.2.0 7.87 794.16 802.03 OK
r-release-macos-arm64 2.2.0 OK
r-release-macos-x86_64 2.2.0 OK
r-release-windows-ix86+x86_64 2.2.0 13.00 426.00 439.00 OK
r-oldrel-macos-x86_64 2.2.0 OK
r-oldrel-windows-ix86+x86_64 2.2.0 19.00 547.00 566.00 OK

Check Details

Version: 2.2.0
Check: tests
Result: ERROR
     Running ‘testthat.R’ [33m/11m]
    Running the tests in ‘tests/testthat.R’ failed.
    Complete output:
     > library(testthat)
     > library(DALEX)
     Welcome to DALEX (version: 2.3.0).
     Find examples and detailed introduction at: http://ema.drwhy.ai/
     Additional features will be available after installation of: ggpubr.
     Use 'install_dependencies()' to get all suggested dependencies
     > library(ingredients)
    
     Attaching package: 'ingredients'
    
     The following object is masked from 'package:DALEX':
    
     feature_importance
    
     The following object is masked from 'package:testthat':
    
     describe
    
     >
     > test_check("ingredients")
     Aggregating predictions.. Progress: 93%. Estimated remaining time: 2 seconds.
     Aggregating predictions.. Progress: 86%. Estimated remaining time: 4 seconds.
Flavor: r-patched-solaris-x86