CRAN Package Check Results for Package infotheo

Last updated on 2021-12-07 16:49:37 CET.

Flavor Version Tinstall Tcheck Ttotal Status Flags
r-devel-linux-x86_64-debian-clang 1.2.0 5.11 29.45 34.56 NOTE
r-devel-linux-x86_64-debian-gcc 1.2.0 4.10 23.68 27.78 NOTE
r-devel-linux-x86_64-fedora-clang 1.2.0 46.82 NOTE
r-devel-linux-x86_64-fedora-gcc 1.2.0 33.57 NOTE
r-devel-windows-x86_64-new-UL 1.2.0 16.00 70.00 86.00 NOTE
r-devel-windows-x86_64-new-TK 1.2.0 NOTE
r-devel-windows-x86_64-old 1.2.0 9.00 40.00 49.00 NOTE
r-patched-linux-x86_64 1.2.0 4.88 28.72 33.60 NOTE
r-release-linux-x86_64 1.2.0 5.04 28.22 33.26 NOTE
r-release-macos-arm64 1.2.0 NOTE
r-release-macos-x86_64 1.2.0 NOTE
r-release-windows-ix86+x86_64 1.2.0 15.00 41.00 56.00 NOTE
r-oldrel-macos-x86_64 1.2.0 NOTE
r-oldrel-windows-ix86+x86_64 1.2.0 12.00 39.00 51.00 NOTE

Check Details

Version: 1.2.0
Check: R code for possible problems
Result: NOTE
    entropy: no visible global function definition for 'na.omit'
    interinformation: no visible global function definition for 'na.omit'
    multiinformation: no visible global function definition for 'na.omit'
    mutinformation: no visible global function definition for 'na.omit'
    Undefined global functions or variables:
     na.omit
    Consider adding
     importFrom("stats", "na.omit")
    to your NAMESPACE file.
Flavors: r-devel-linux-x86_64-debian-clang, r-devel-linux-x86_64-debian-gcc, r-devel-linux-x86_64-fedora-clang, r-devel-linux-x86_64-fedora-gcc, r-devel-windows-x86_64-new-UL, r-devel-windows-x86_64-new-TK, r-devel-windows-x86_64-old, r-patched-linux-x86_64, r-release-linux-x86_64, r-release-macos-arm64, r-release-macos-x86_64, r-release-windows-ix86+x86_64, r-oldrel-macos-x86_64, r-oldrel-windows-ix86+x86_64

Version: 1.2.0
Check: compiled code
Result: NOTE
    File ‘infotheo/libs/infotheo.so’:
     Found no calls to: ‘R_registerRoutines’, ‘R_useDynamicSymbols’
    
    It is good practice to register native routines and to disable symbol
    search.
    
    See ‘Writing portable packages’ in the ‘Writing R Extensions’ manual.
Flavors: r-devel-linux-x86_64-fedora-clang, r-devel-linux-x86_64-fedora-gcc