CRAN Package Check Results for Package industRial

Last updated on 2021-10-23 05:02:37 CEST.

Flavor Version Tinstall Tcheck Ttotal Status Flags
r-devel-linux-x86_64-debian-clang 0.1.0 6.36 52.62 58.98 OK
r-devel-linux-x86_64-debian-gcc 0.1.0 5.13 39.55 44.68 OK
r-devel-linux-x86_64-fedora-clang 0.1.0 86.29 NOTE
r-devel-linux-x86_64-fedora-gcc 0.1.0 73.55 NOTE
r-devel-windows-x86_64 0.1.0 12.00 83.00 95.00 OK
r-devel-windows-x86_64-gcc10-UCRT 0.1.0 NOTE
r-patched-linux-x86_64 0.1.0 6.74 48.73 55.47 OK
r-patched-solaris-x86 0.1.0 96.30 NOTE
r-release-linux-x86_64 0.1.0 5.92 49.46 55.38 OK
r-release-macos-arm64 0.1.0 NOTE
r-release-macos-x86_64 0.1.0 NOTE
r-release-windows-ix86+x86_64 0.1.0 12.00 66.00 78.00 OK
r-oldrel-macos-x86_64 0.1.0 NOTE
r-oldrel-windows-ix86+x86_64 0.1.0 16.00 81.00 97.00 OK

Check Details

Version: 0.1.0
Check: data for non-ASCII characters
Result: NOTE
     Note: found 2 marked UTF-8 strings
Flavors: r-devel-linux-x86_64-fedora-clang, r-devel-linux-x86_64-fedora-gcc, r-devel-windows-x86_64-gcc10-UCRT, r-patched-solaris-x86, r-release-macos-arm64, r-release-macos-x86_64, r-oldrel-macos-x86_64