CRAN Package Check Results for Package imputeTestbench

Last updated on 2021-10-26 15:51:13 CEST.

Flavor Version Tinstall Tcheck Ttotal Status Flags
r-devel-linux-x86_64-debian-clang 3.0.3 7.47 77.38 84.85 NOTE
r-devel-linux-x86_64-debian-gcc 3.0.3 5.28 58.87 64.15 NOTE
r-devel-linux-x86_64-fedora-clang 3.0.3 110.45 NOTE
r-devel-linux-x86_64-fedora-gcc 3.0.3 99.93 NOTE
r-devel-windows-x86_64 3.0.3 13.00 99.00 112.00 NOTE
r-devel-windows-x86_64-gcc10-UCRT 3.0.3 NOTE
r-patched-linux-x86_64 3.0.3 7.95 72.61 80.56 NOTE
r-patched-solaris-x86 3.0.3 150.70 NOTE
r-release-linux-x86_64 3.0.3 5.79 72.28 78.07 NOTE
r-release-macos-arm64 3.0.3 NOTE
r-release-macos-x86_64 3.0.3 NOTE
r-release-windows-ix86+x86_64 3.0.3 17.00 100.00 117.00 NOTE
r-oldrel-macos-x86_64 3.0.3 OK
r-oldrel-windows-ix86+x86_64 3.0.3 20.00 105.00 125.00 OK

Check Details

Version: 3.0.3
Check: LazyData
Result: NOTE
     'LazyData' is specified without a 'data' directory
Flavors: r-devel-linux-x86_64-debian-clang, r-devel-linux-x86_64-debian-gcc, r-devel-linux-x86_64-fedora-clang, r-devel-linux-x86_64-fedora-gcc, r-devel-windows-x86_64, r-devel-windows-x86_64-gcc10-UCRT, r-patched-linux-x86_64, r-patched-solaris-x86, r-release-linux-x86_64, r-release-macos-arm64, r-release-macos-x86_64, r-release-windows-ix86+x86_64