CRAN Package Check Results for Package imputeLCMD

Last updated on 2022-05-16 15:53:15 CEST.

Flavor Version Tinstall Tcheck Ttotal Status Flags
r-devel-linux-x86_64-debian-clang 2.0 12.48 107.96 120.44 NOTE
r-devel-linux-x86_64-debian-gcc 2.0 8.40 81.64 90.04 NOTE
r-devel-linux-x86_64-fedora-clang 2.0 138.76 NOTE
r-devel-linux-x86_64-fedora-gcc 2.0 137.35 NOTE
r-devel-windows-x86_64 2.0 27.00 120.00 147.00 NOTE
r-patched-linux-x86_64 2.0 10.76 101.63 112.39 NOTE
r-release-linux-x86_64 2.0 10.47 102.44 112.91 NOTE
r-release-macos-arm64 2.0 41.00 NOTE
r-release-macos-x86_64 2.0 56.00 NOTE
r-release-windows-x86_64 2.0 47.00 119.00 166.00 NOTE
r-oldrel-macos-arm64 2.0 52.00 NOTE
r-oldrel-macos-x86_64 2.0 82.00 NOTE
r-oldrel-windows-ix86+x86_64 2.0 23.00 115.00 138.00 NOTE

Check Details

Version: 2.0
Check: R code for possible problems
Result: NOTE
    generate.ExpressionData: no visible global function definition for
     'rnorm'
    impute.MinDet: no visible binding for global variable 'quantile'
    impute.MinProb: no visible binding for global variable 'quantile'
    impute.MinProb: no visible binding for global variable 'sd'
    impute.MinProb: no visible global function definition for 'median'
    impute.MinProb: no visible global function definition for 'rnorm'
    impute.QRILC: no visible global function definition for 'qnorm'
    impute.QRILC: no visible global function definition for 'quantile'
    impute.QRILC: no visible global function definition for 'lm'
    insertMVs: no visible global function definition for 'rnorm'
    model.Selector: no visible global function definition for 'qnorm'
    model.Selector: no visible global function definition for 'quantile'
    model.Selector: no visible global function definition for 'lm'
    model.Selector: no visible global function definition for 'ecdf'
    model.Selector: no visible global function definition for 'pnorm'
    pep2prot: no visible binding for global variable 'median'
    Undefined global functions or variables:
     ecdf lm median pnorm qnorm quantile rnorm sd
    Consider adding
     importFrom("stats", "ecdf", "lm", "median", "pnorm", "qnorm",
     "quantile", "rnorm", "sd")
    to your NAMESPACE file.
Flavors: r-devel-linux-x86_64-debian-clang, r-devel-linux-x86_64-debian-gcc, r-devel-linux-x86_64-fedora-clang, r-devel-linux-x86_64-fedora-gcc, r-devel-windows-x86_64, r-patched-linux-x86_64, r-release-linux-x86_64, r-release-macos-arm64, r-release-macos-x86_64, r-release-windows-x86_64, r-oldrel-macos-arm64, r-oldrel-macos-x86_64, r-oldrel-windows-ix86+x86_64