CRAN Package Check Results for Package immer

Last updated on 2022-05-22 03:51:27 CEST.

Flavor Version Tinstall Tcheck Ttotal Status Flags
r-devel-linux-x86_64-debian-clang 1.3-3 103.56 88.98 192.54 OK
r-devel-linux-x86_64-debian-gcc 1.3-3 86.46 67.93 154.39 OK
r-devel-linux-x86_64-fedora-clang 1.3-3 276.17 NOTE
r-devel-linux-x86_64-fedora-gcc 1.3-3 249.49 OK
r-devel-windows-x86_64 1.3-3 115.00 131.00 246.00 OK
r-patched-linux-x86_64 1.3-3 87.38 85.30 172.68 OK
r-release-linux-x86_64 1.3-3 88.39 84.23 172.62 OK
r-release-macos-arm64 1.3-3 72.00 NOTE
r-release-macos-x86_64 1.3-3 86.00 NOTE
r-release-windows-x86_64 1.3-3 66.00 151.00 217.00 OK
r-oldrel-macos-arm64 1.3-3 73.00 NOTE
r-oldrel-macos-x86_64 1.3-3 90.00 NOTE
r-oldrel-windows-ix86+x86_64 1.3-3 144.00 143.00 287.00 OK

Check Details

Version: 1.3-3
Check: Rd cross-references
Result: NOTE
    Undeclared package ‘mirt’ in Rd xrefs
Flavor: r-devel-linux-x86_64-fedora-clang

Version: 1.3-3
Check: installed package size
Result: NOTE
     installed size is 5.0Mb
     sub-directories of 1Mb or more:
     libs 4.2Mb
Flavors: r-release-macos-arm64, r-release-macos-x86_64, r-oldrel-macos-arm64, r-oldrel-macos-x86_64