CRAN Package Check Results for Package immcp

Last updated on 2022-01-28 15:53:15 CET.

Flavor Version Tinstall Tcheck Ttotal Status Flags
r-devel-linux-x86_64-debian-clang 0.9.2 55.32 544.21 599.53 OK
r-devel-linux-x86_64-debian-gcc 0.9.2 42.93 407.59 450.52 OK
r-devel-linux-x86_64-fedora-clang 0.9.2 661.21 NOTE
r-devel-linux-x86_64-fedora-gcc 0.9.2 697.74 NOTE
r-devel-windows-x86_64-new-UL 0.9.2 81.00 502.00 583.00 OK
r-devel-windows-x86_64-new-TK 0.9.2 NOTE
r-patched-linux-x86_64 0.9.2 49.09 476.56 525.65 OK
r-release-linux-x86_64 0.9.2 44.15 474.57 518.72 OK
r-release-macos-arm64 0.9.2 NOTE
r-release-macos-x86_64 0.9.2 NOTE
r-release-windows-ix86+x86_64 0.9.2 114.00 527.00 641.00 OK
r-oldrel-macos-x86_64 0.9.2 ERROR
r-oldrel-windows-ix86+x86_64 0.9.2 93.00 434.00 527.00 OK

Check Details

Version: 0.9.2
Check: dependencies in R code
Result: NOTE
    Namespaces in Imports field not imported from:
     ‘methods’ ‘reshape2’
     All declared Imports should be used.
Flavors: r-devel-linux-x86_64-fedora-clang, r-devel-linux-x86_64-fedora-gcc, r-devel-windows-x86_64-new-TK, r-release-macos-arm64, r-release-macos-x86_64

Version: 0.9.2
Check: package dependencies
Result: ERROR
    Package required but not available: ‘clusterProfiler’
    
    See section ‘The DESCRIPTION file’ in the ‘Writing R Extensions’
    manual.
Flavor: r-oldrel-macos-x86_64