CRAN Package Check Results for Package imgrec

Last updated on 2021-10-16 15:50:48 CEST.

Flavor Version Tinstall Tcheck Ttotal Status Flags
r-devel-linux-x86_64-debian-clang 0.1.2 4.78 46.02 50.80 OK
r-devel-linux-x86_64-debian-gcc 0.1.2 3.74 34.63 38.37 OK
r-devel-linux-x86_64-fedora-clang 0.1.2 69.04 NOTE
r-devel-linux-x86_64-fedora-gcc 0.1.2 58.19 NOTE
r-devel-windows-x86_64 0.1.2 6.00 52.00 58.00 OK
r-devel-windows-x86_64-gcc10-UCRT 0.1.2 NOTE
r-patched-linux-x86_64 0.1.2 4.14 43.67 47.81 OK
r-patched-solaris-x86 0.1.2 82.00 NOTE
r-release-linux-x86_64 0.1.2 3.86 44.04 47.90 OK
r-release-macos-arm64 0.1.2 NOTE
r-release-macos-x86_64 0.1.2 NOTE
r-release-windows-ix86+x86_64 0.1.2 13.00 68.00 81.00 OK
r-oldrel-macos-x86_64 0.1.2 NOTE
r-oldrel-windows-ix86+x86_64 0.1.2 13.00 69.00 82.00 OK

Check Details

Version: 0.1.2
Check: dependencies in R code
Result: NOTE
    Namespace in Imports field not imported from: ‘knitr’
     All declared Imports should be used.
Flavors: r-devel-linux-x86_64-fedora-clang, r-devel-linux-x86_64-fedora-gcc, r-devel-windows-x86_64-gcc10-UCRT, r-patched-solaris-x86, r-release-macos-arm64, r-release-macos-x86_64, r-oldrel-macos-x86_64