CRAN Package Check Results for Package imgpalr

Last updated on 2021-10-26 15:51:13 CEST.

Flavor Version Tinstall Tcheck Ttotal Status Flags
r-devel-linux-x86_64-debian-clang 0.3.1 3.37 45.91 49.28 NOTE
r-devel-linux-x86_64-debian-gcc 0.3.1 2.48 34.63 37.11 NOTE
r-devel-linux-x86_64-fedora-clang 0.3.1 68.57 NOTE
r-devel-linux-x86_64-fedora-gcc 0.3.1 57.78 NOTE
r-devel-windows-x86_64 0.3.1 6.00 65.00 71.00 NOTE
r-devel-windows-x86_64-gcc10-UCRT 0.3.1 NOTE
r-patched-linux-x86_64 0.3.1 3.30 43.49 46.79 NOTE
r-patched-solaris-x86 0.3.1 87.40 NOTE
r-release-linux-x86_64 0.3.1 2.51 43.28 45.79 NOTE
r-release-macos-arm64 0.3.1 NOTE
r-release-macos-x86_64 0.3.1 NOTE
r-release-windows-ix86+x86_64 0.3.1 6.00 63.00 69.00 NOTE
r-oldrel-macos-x86_64 0.3.1 OK
r-oldrel-windows-ix86+x86_64 0.3.1 9.00 73.00 82.00 OK

Check Details

Version: 0.3.1
Check: LazyData
Result: NOTE
     'LazyData' is specified without a 'data' directory
Flavors: r-devel-linux-x86_64-debian-clang, r-devel-linux-x86_64-debian-gcc, r-devel-linux-x86_64-fedora-clang, r-devel-linux-x86_64-fedora-gcc, r-devel-windows-x86_64, r-devel-windows-x86_64-gcc10-UCRT, r-patched-linux-x86_64, r-patched-solaris-x86, r-release-linux-x86_64, r-release-macos-arm64, r-release-macos-x86_64, r-release-windows-ix86+x86_64