CRAN Package Check Results for Package imgpalr

Last updated on 2024-06-14 03:57:22 CEST.

Flavor Version Tinstall Tcheck Ttotal Status Flags
r-devel-linux-x86_64-debian-clang 0.3.2 5.51 53.18 58.69 OK
r-devel-linux-x86_64-debian-gcc 0.3.2 0.44 1.66 2.10 ERROR
r-devel-linux-x86_64-fedora-clang 0.3.2 71.92 OK
r-devel-linux-x86_64-fedora-gcc 0.3.2 66.43 OK
r-devel-windows-x86_64 0.3.2 5.00 57.00 62.00 OK
r-patched-linux-x86_64 0.3.2 4.85 50.79 55.64 OK
r-release-linux-x86_64 0.3.2 4.34 51.65 55.99 OK
r-release-macos-arm64 0.3.2 25.00 OK
r-release-macos-x86_64 0.3.2 37.00 OK
r-release-windows-x86_64 0.3.2 5.00 62.00 67.00 OK
r-oldrel-macos-arm64 0.3.2 33.00 OK
r-oldrel-macos-x86_64 0.3.2 44.00 OK
r-oldrel-windows-x86_64 0.3.2 6.00 66.00 72.00 OK

Check Details

Version: 0.3.2
Check: package dependencies
Result: ERROR Packages required but not available: 'tibble', 'dplyr' Packages suggested but not available for checking: 'testthat', 'magick' See section ‘The DESCRIPTION file’ in the ‘Writing R Extensions’ manual. Flavor: r-devel-linux-x86_64-debian-gcc