CRAN Package Check Results for Package imagerExtra

Last updated on 2021-11-27 15:50:44 CET.

Flavor Version Tinstall Tcheck Ttotal Status Flags
r-devel-linux-x86_64-debian-clang 1.3.2 OK
r-devel-linux-x86_64-debian-gcc 1.3.2 60.32 56.34 116.66 OK
r-devel-linux-x86_64-fedora-clang 1.3.2 242.77 OK
r-devel-linux-x86_64-fedora-gcc 1.3.2 204.91 OK
r-devel-windows-x86_64-new-UL 1.3.2 125.00 152.00 277.00 OK
r-devel-windows-x86_64-new-TK 1.3.2 OK
r-devel-windows-x86_64-old 1.3.2 85.00 114.00 199.00 OK
r-patched-linux-x86_64 1.3.2 74.21 70.17 144.38 OK
r-patched-solaris-x86 1.3.2 211.20 NOTE
r-release-linux-x86_64 1.3.2 OK
r-release-macos-arm64 1.3.2 OK
r-release-macos-x86_64 1.3.2 OK
r-release-windows-ix86+x86_64 1.3.2 221.00 123.00 344.00 OK
r-oldrel-macos-x86_64 1.3.2 OK
r-oldrel-windows-ix86+x86_64 1.3.2 160.00 167.00 327.00 OK

Check Details

Version: 1.3.2
Check: package dependencies
Result: NOTE
    Package suggested but not available for checking: ‘tesseract’
Flavor: r-patched-solaris-x86