CRAN Package Check Results for Package image.textlinedetector

Last updated on 2022-01-22 03:56:46 CET.

Flavor Version Tinstall Tcheck Ttotal Status Flags
r-devel-linux-x86_64-debian-clang 0.1.5 81.85 130.72 212.57 ERROR
r-devel-linux-x86_64-debian-gcc 0.1.5 56.49 36.57 93.06 OK
r-devel-linux-x86_64-fedora-gcc 0.1.5 251.08 OK
r-devel-windows-x86_64-new-UL 0.1.5 1057.00 145.00 1202.00 NOTE
r-devel-windows-x86_64-new-TK 0.1.5 OK
r-patched-linux-x86_64 0.1.5 75.81 45.70 121.51 OK
r-release-linux-x86_64 0.1.5 73.75 45.74 119.49 OK
r-release-macos-arm64 0.1.5 NOTE
r-release-macos-x86_64 0.1.5 NOTE
r-release-windows-ix86+x86_64 0.1.5 231.00 156.00 387.00 NOTE
r-oldrel-macos-x86_64 0.1.5 NOTE
r-oldrel-windows-ix86+x86_64 0.1.5 232.00 153.00 385.00 NOTE

Check Details

Version: 0.1.5
Check: examples
Result: ERROR
    Running examples in 'image.textlinedetector-Ex.R' failed
    The error most likely occurred in:
    
    > base::assign(".ptime", proc.time(), pos = "CheckExEnv")
    > ### Name: image_textlines_astar
    > ### Title: Text Line Segmentation based on the A* Path Planning Algorithm
    > ### Aliases: image_textlines_astar
    >
    > ### ** Examples
    >
    > library(opencv)
    > library(magick)
    Linking to ImageMagick 6.9.11.60
    Enabled features: fontconfig, freetype, fftw, heic, lcms, pango, webp, x11
    Disabled features: cairo, ghostscript, raw, rsvg
    Using 3 threads
    > library(image.textlinedetector)
    > path <- system.file(package = "image.textlinedetector", "extdata", "example.png")
    > img <- image_read(path)
    > img <- image_resize(img, "x1000")
    > areas <- image_textlines_astar(img, morph = TRUE, step = 2, mfactor = 5, trace = TRUE)
    Error in textlinedetector_astarpath(x, morph = morph, step = step, mfactor = mfactor, :
     OpenCV(4.5.4) ./modules/imgproc/src/filterengine.hpp:367: error: (-215:Assertion failed) anchor.inside(Rect(0, 0, ksize.width, ksize.height)) in function 'normalizeAnchor'
    Calls: image_textlines_astar -> textlinedetector_astarpath
    Execution halted
Flavor: r-devel-linux-x86_64-debian-clang

Version: 0.1.5
Check: installed package size
Result: NOTE
     installed size is 21.6Mb
     sub-directories of 1Mb or more:
     libs 10.5Mb
     share 10.2Mb
Flavors: r-devel-windows-x86_64-new-UL, r-release-macos-arm64, r-release-macos-x86_64, r-release-windows-ix86+x86_64, r-oldrel-macos-x86_64, r-oldrel-windows-ix86+x86_64