CRAN Package Check Results for Package image.libfacedetection

Last updated on 2022-01-26 15:52:52 CET.

Flavor Version Tinstall Tcheck Ttotal Status Flags
r-devel-linux-x86_64-debian-clang 0.1 51.90 48.74 100.64 OK
r-devel-linux-x86_64-debian-gcc 0.1 29.46 38.47 67.93 OK
r-devel-linux-x86_64-fedora-clang 0.1 140.90 OK
r-devel-linux-x86_64-fedora-gcc 0.1 109.16 OK
r-devel-windows-x86_64-new-UL 0.1 103.00 83.00 186.00 OK
r-devel-windows-x86_64-new-TK 0.1 OK
r-patched-linux-x86_64 0.1 37.85 47.35 85.20 OK
r-release-linux-x86_64 0.1 40.22 46.33 86.55 OK
r-release-macos-arm64 0.1 OK
r-release-macos-x86_64 0.1 OK
r-release-windows-ix86+x86_64 0.1 125.00 89.00 214.00 NOTE
r-oldrel-macos-x86_64 0.1 OK
r-oldrel-windows-ix86+x86_64 0.1 124.00 93.00 217.00 NOTE

Check Details

Version: 0.1
Check: installed package size
Result: NOTE
     installed size is 7.0Mb
     sub-directories of 1Mb or more:
     libs 6.8Mb
Flavors: r-release-windows-ix86+x86_64, r-oldrel-windows-ix86+x86_64