CRAN Package Check Results for Package image.Otsu

Last updated on 2025-01-25 03:49:53 CET.

Flavor Version Tinstall Tcheck Ttotal Status Flags
r-devel-linux-x86_64-debian-clang 0.1 8.67 23.28 31.95 NOTE
r-devel-linux-x86_64-debian-gcc 0.1 6.49 18.34 24.83 NOTE
r-devel-linux-x86_64-fedora-clang 0.1 57.29 NOTE
r-devel-linux-x86_64-fedora-gcc 0.1 52.70 NOTE
r-devel-windows-x86_64 0.1 12.00 64.00 76.00 NOTE
r-patched-linux-x86_64 0.1 8.95 22.34 31.29 NOTE
r-release-linux-x86_64 0.1 8.22 21.80 30.02 NOTE
r-release-macos-arm64 0.1 20.00 NOTE
r-release-macos-x86_64 0.1 31.00 NOTE
r-release-windows-x86_64 0.1 12.00 63.00 75.00 NOTE
r-oldrel-macos-arm64 0.1 22.00 NOTE
r-oldrel-macos-x86_64 0.1 32.00 NOTE
r-oldrel-windows-x86_64 0.1 13.00 69.00 82.00 NOTE

Check Details

Version: 0.1
Check: C++ specification
Result: NOTE Specified C++11: please drop specification unless essential Flavors: r-devel-linux-x86_64-debian-clang, r-devel-linux-x86_64-debian-gcc, r-devel-linux-x86_64-fedora-clang, r-devel-linux-x86_64-fedora-gcc, r-devel-windows-x86_64, r-patched-linux-x86_64, r-release-linux-x86_64, r-release-macos-arm64, r-release-macos-x86_64, r-release-windows-x86_64, r-oldrel-macos-arm64, r-oldrel-macos-x86_64, r-oldrel-windows-x86_64