CRAN Package Check Results for Package image.Otsu

Last updated on 2024-06-20 03:51:37 CEST.

Flavor Version Tinstall Tcheck Ttotal Status Flags
r-devel-linux-x86_64-debian-clang 0.1 19.74 29.45 49.19 NOTE
r-devel-linux-x86_64-debian-gcc 0.1 11.55 22.83 34.38 NOTE
r-devel-linux-x86_64-fedora-clang 0.1 68.21 NOTE
r-devel-linux-x86_64-fedora-gcc 0.1 63.18 NOTE
r-devel-windows-x86_64 0.1 16.00 64.00 80.00 NOTE
r-patched-linux-x86_64 0.1 14.00 27.70 41.70 NOTE
r-release-linux-x86_64 0.1 12.73 27.46 40.19 NOTE
r-release-macos-arm64 0.1 20.00 NOTE
r-release-macos-x86_64 0.1 31.00 NOTE
r-release-windows-x86_64 0.1 15.00 67.00 82.00 NOTE
r-oldrel-macos-arm64 0.1 22.00 NOTE
r-oldrel-macos-x86_64 0.1 32.00 NOTE
r-oldrel-windows-x86_64 0.1 19.00 68.00 87.00 NOTE

Check Details

Version: 0.1
Check: C++ specification
Result: NOTE Specified C++11: please drop specification unless essential Flavors: r-devel-linux-x86_64-debian-clang, r-devel-linux-x86_64-debian-gcc, r-devel-linux-x86_64-fedora-clang, r-devel-linux-x86_64-fedora-gcc, r-devel-windows-x86_64, r-patched-linux-x86_64, r-release-linux-x86_64, r-release-macos-arm64, r-release-macos-x86_64, r-release-windows-x86_64, r-oldrel-macos-arm64, r-oldrel-macos-x86_64, r-oldrel-windows-x86_64