CRAN Package Check Results for Package ijtiff

Last updated on 2024-07-19 16:57:26 CEST.

Flavor Version Tinstall Tcheck Ttotal Status Flags
r-devel-linux-x86_64-debian-clang 2.3.4 10.09 68.36 78.45 OK
r-devel-linux-x86_64-debian-gcc 2.3.4 6.64 51.18 57.82 OK
r-devel-linux-x86_64-fedora-clang 2.3.4 98.60 OK
r-devel-linux-x86_64-fedora-gcc 2.3.4 106.90 OK
r-devel-windows-x86_64 2.3.4 33.00 87.00 120.00 OK
r-patched-linux-x86_64 2.3.4 8.92 65.33 74.25 OK
r-release-linux-x86_64 2.3.4 8.60 64.99 73.59 OK
r-release-macos-arm64 2.3.4 46.00 NOTE
r-release-macos-x86_64 2.3.4 67.00 NOTE
r-release-windows-x86_64 2.3.4 31.00 84.00 115.00 OK
r-oldrel-macos-arm64 2.3.4 57.00 NOTE
r-oldrel-macos-x86_64 2.3.4 80.00 NOTE
r-oldrel-windows-x86_64 2.3.4 38.00 90.00 128.00 OK

Check Details

Version: 2.3.4
Check: installed package size
Result: NOTE installed size is 7.1Mb sub-directories of 1Mb or more: libs 5.2Mb Flavors: r-release-macos-arm64, r-release-macos-x86_64, r-oldrel-macos-arm64, r-oldrel-macos-x86_64