CRAN Package Check Results for Package iheiddown

Last updated on 2021-10-26 15:51:13 CEST.

Flavor Version Tinstall Tcheck Ttotal Status Flags
r-devel-linux-x86_64-debian-clang 0.8.2 12.69 103.81 116.50 OK
r-devel-linux-x86_64-debian-gcc 0.8.2 8.72 79.67 88.39 OK
r-devel-linux-x86_64-fedora-clang 0.8.2 147.98 NOTE
r-devel-linux-x86_64-fedora-gcc 0.8.2 138.26 NOTE
r-devel-windows-x86_64 0.8.2 20.00 148.00 168.00 OK
r-devel-windows-x86_64-gcc10-UCRT 0.8.2 NOTE
r-patched-linux-x86_64 0.8.2 11.76 105.52 117.28 OK
r-patched-solaris-x86 0.8.2 213.30 NOTE
r-release-linux-x86_64 0.8.2 10.73 106.48 117.21 OK
r-release-macos-arm64 0.8.2 NOTE
r-release-macos-x86_64 0.8.2 NOTE
r-release-windows-ix86+x86_64 0.8.2 21.00 135.00 156.00 OK
r-oldrel-macos-x86_64 0.8.2 NOTE
r-oldrel-windows-ix86+x86_64 0.8.2 27.00 152.00 179.00 OK

Check Details

Version: 0.8.2
Check: dependencies in R code
Result: NOTE
    Namespaces in Imports field not imported from:
     ‘covr’ ‘magrittr’ ‘roxygen2’
     All declared Imports should be used.
Flavors: r-devel-linux-x86_64-fedora-clang, r-devel-linux-x86_64-fedora-gcc, r-devel-windows-x86_64-gcc10-UCRT, r-patched-solaris-x86, r-release-macos-arm64, r-release-macos-x86_64, r-oldrel-macos-x86_64