CRAN Package Check Results for Package iglu

Last updated on 2022-01-19 04:48:26 CET.

Flavor Version Tinstall Tcheck Ttotal Status Flags
r-devel-linux-x86_64-debian-clang 3.3.0 10.01 259.01 269.02 OK
r-devel-linux-x86_64-debian-gcc 3.3.0 8.75 184.50 193.25 OK
r-devel-linux-x86_64-fedora-clang 3.3.0 305.92 NOTE
r-devel-linux-x86_64-fedora-gcc 3.3.0 296.28 NOTE
r-devel-windows-x86_64-new-UL 3.3.0 82.00 316.00 398.00 OK
r-devel-windows-x86_64-new-TK 3.3.0 NOTE
r-patched-linux-x86_64 3.3.0 18.96 235.16 254.12 OK
r-release-linux-x86_64 3.3.0 OK
r-release-macos-arm64 3.3.0 NOTE
r-release-macos-x86_64 3.3.0 NOTE
r-release-windows-ix86+x86_64 3.3.0 18.00 304.00 322.00 OK
r-oldrel-macos-x86_64 3.3.0 NOTE
r-oldrel-windows-ix86+x86_64 3.3.0 24.00 318.00 342.00 OK

Check Details

Version: 3.3.0
Check: dependencies in R code
Result: NOTE
    Namespace in Imports field not imported from: ‘plotly’
     All declared Imports should be used.
Flavors: r-devel-linux-x86_64-fedora-clang, r-devel-linux-x86_64-fedora-gcc, r-devel-windows-x86_64-new-TK, r-release-macos-arm64, r-release-macos-x86_64, r-oldrel-macos-x86_64