CRAN Package Check Results for Package ifa

Last updated on 2022-01-22 03:56:46 CET.

Flavor Version Tinstall Tcheck Ttotal Status Flags
r-devel-linux-x86_64-debian-clang 7.0 5.66 32.65 38.31 NOTE
r-devel-linux-x86_64-debian-gcc 7.0 5.31 25.67 30.98 NOTE
r-devel-linux-x86_64-fedora-clang 7.0 52.06 NOTE
r-devel-linux-x86_64-fedora-gcc 7.0 40.51 NOTE
r-devel-windows-x86_64-new-UL 7.0 19.00 60.00 79.00 NOTE
r-devel-windows-x86_64-new-TK 7.0 NOTE
r-patched-linux-x86_64 7.0 6.87 32.02 38.89 NOTE
r-release-linux-x86_64 7.0 7.41 31.84 39.25 NOTE
r-release-macos-arm64 7.0 NOTE
r-release-macos-x86_64 7.0 NOTE
r-release-windows-ix86+x86_64 7.0 13.00 53.00 66.00 NOTE
r-oldrel-macos-x86_64 7.0 NOTE
r-oldrel-windows-ix86+x86_64 7.0 14.00 58.00 72.00 NOTE

Check Details

Version: 7.0
Check: DESCRIPTION meta-information
Result: NOTE
    Malformed Description field: should contain one or more complete sentences.
Flavors: r-devel-linux-x86_64-debian-clang, r-devel-linux-x86_64-debian-gcc, r-devel-linux-x86_64-fedora-clang, r-devel-linux-x86_64-fedora-gcc, r-devel-windows-x86_64-new-UL, r-devel-windows-x86_64-new-TK, r-patched-linux-x86_64, r-release-linux-x86_64, r-release-macos-arm64, r-release-macos-x86_64, r-release-windows-ix86+x86_64, r-oldrel-macos-x86_64, r-oldrel-windows-ix86+x86_64

Version: 7.0
Check: R code for possible problems
Result: NOTE
    NB: .First.lib is obsolete and will not be used in R >= 3.0.0
    
    ifa.em: no visible global function definition for 'runif'
    ifa.init.pca: no visible global function definition for 'var'
    ifa.init.pca: no visible global function definition for 'cor'
    ifa.init.pca: no visible global function definition for 'runif'
    ifa.init.random: no visible global function definition for 'runif'
    ifa.init.random: no visible global function definition for 'var'
    Undefined global functions or variables:
     cor runif var
    Consider adding
     importFrom("stats", "cor", "runif", "var")
    to your NAMESPACE file.
Flavors: r-devel-linux-x86_64-debian-clang, r-devel-linux-x86_64-debian-gcc, r-devel-linux-x86_64-fedora-clang, r-devel-linux-x86_64-fedora-gcc, r-devel-windows-x86_64-new-UL, r-devel-windows-x86_64-new-TK, r-patched-linux-x86_64, r-release-linux-x86_64, r-release-macos-arm64, r-release-macos-x86_64, r-release-windows-ix86+x86_64, r-oldrel-macos-x86_64, r-oldrel-windows-ix86+x86_64

Version: 7.0
Check: compiled code
Result: NOTE
    File ‘ifa/libs/ifa.so’:
     Found no calls to: ‘R_registerRoutines’, ‘R_useDynamicSymbols’
    
    It is good practice to register native routines and to disable symbol
    search.
    
    See ‘Writing portable packages’ in the ‘Writing R Extensions’ manual.
Flavors: r-devel-linux-x86_64-fedora-clang, r-devel-linux-x86_64-fedora-gcc