CRAN Package Check Results for Package iemisctext

Last updated on 2024-02-23 15:52:15 CET.

Flavor Version Tinstall Tcheck Ttotal Status Flags
r-devel-linux-x86_64-debian-clang 0.9.99 OK
r-devel-linux-x86_64-debian-gcc 0.9.99 1.48 24.24 25.72 OK
r-devel-linux-x86_64-fedora-clang 0.9.99 41.69 NOTE
r-devel-linux-x86_64-fedora-gcc 0.9.99 55.29 NOTE
r-devel-windows-x86_64 0.9.99 3.00 49.00 52.00 OK
r-patched-linux-x86_64 0.9.99 1.71 30.14 31.85 OK
r-release-linux-x86_64 0.9.99 2.30 30.08 32.38 OK
r-release-macos-arm64 0.9.99 26.00 OK
r-release-macos-x86_64 0.9.99 35.00 OK
r-release-windows-x86_64 0.9.99 4.00 49.00 53.00 OK
r-oldrel-macos-arm64 0.9.99 21.00 OK
r-oldrel-windows-x86_64 0.9.99 4.00 53.00 57.00 OK

Check Details

Version: 0.9.99
Check: data for non-ASCII characters
Result: NOTE Note: found 40 marked UTF-8 strings Flavors: r-devel-linux-x86_64-fedora-clang, r-devel-linux-x86_64-fedora-gcc