CRAN Package Check Results for Package iemisctext

Last updated on 2023-01-28 03:55:54 CET.

Flavor Version Tinstall Tcheck Ttotal Status Flags
r-devel-linux-x86_64-debian-clang 0.9.99 2.15 30.33 32.48 OK
r-devel-linux-x86_64-debian-gcc 0.9.99 1.57 23.60 25.17 OK
r-devel-linux-x86_64-fedora-clang 0.9.99 41.77 NOTE
r-devel-linux-x86_64-fedora-gcc 0.9.99 51.49 NOTE
r-devel-windows-x86_64 0.9.99 23.00 63.00 86.00 OK
r-patched-linux-x86_64 0.9.99 2.02 30.75 32.77 OK
r-release-linux-x86_64 0.9.99 1.92 28.92 30.84 OK
r-release-macos-arm64 0.9.99 19.00 NOTE
r-release-macos-x86_64 0.9.99 28.00 NOTE
r-release-windows-x86_64 0.9.99 25.00 72.00 97.00 OK
r-oldrel-macos-arm64 0.9.99 20.00 NOTE
r-oldrel-macos-x86_64 0.9.99 34.00 NOTE
r-oldrel-windows-ix86+x86_64 0.9.99 5.00 61.00 66.00 OK

Check Details

Version: 0.9.99
Check: data for non-ASCII characters
Result: NOTE
     Note: found 40 marked UTF-8 strings
Flavors: r-devel-linux-x86_64-fedora-clang, r-devel-linux-x86_64-fedora-gcc, r-release-macos-arm64, r-release-macos-x86_64, r-oldrel-macos-arm64, r-oldrel-macos-x86_64