CRAN Package Check Results for Package idendr0

Last updated on 2022-01-29 03:59:24 CET.

Flavor Version Tinstall Tcheck Ttotal Status Flags
r-devel-linux-x86_64-debian-clang 1.5.3 6.90 50.42 57.32 NOTE
r-devel-linux-x86_64-debian-gcc 1.5.3 4.83 38.84 43.67 NOTE
r-devel-linux-x86_64-fedora-clang 1.5.3 70.94 NOTE
r-devel-linux-x86_64-fedora-gcc 1.5.3 59.04 NOTE
r-devel-windows-x86_64-new-UL 1.5.3 61.00 66.00 127.00 NOTE
r-devel-windows-x86_64-new-TK 1.5.3 NOTE
r-patched-linux-x86_64 1.5.3 6.57 48.70 55.27 NOTE
r-release-linux-x86_64 1.5.3 6.44 48.83 55.27 NOTE
r-release-macos-arm64 1.5.3 NOTE
r-release-macos-x86_64 1.5.3 NOTE
r-release-windows-ix86+x86_64 1.5.3 9.00 55.00 64.00 OK
r-oldrel-macos-x86_64 1.5.3 NOTE
r-oldrel-windows-ix86+x86_64 1.5.3 9.00 53.00 62.00 OK

Check Details

Version: 1.5.3
Check: package dependencies
Result: NOTE
    Package suggested but not available for checking: 'rggobi'
Flavors: r-devel-linux-x86_64-debian-clang, r-devel-linux-x86_64-debian-gcc, r-devel-linux-x86_64-fedora-clang, r-devel-linux-x86_64-fedora-gcc, r-devel-windows-x86_64-new-UL, r-devel-windows-x86_64-new-TK, r-patched-linux-x86_64, r-release-linux-x86_64, r-release-macos-arm64, r-release-macos-x86_64, r-oldrel-macos-x86_64