CRAN Package Check Results for Package icosa

Last updated on 2022-09-25 03:54:32 CEST.

Flavor Version Tinstall Tcheck Ttotal Status Flags
r-devel-linux-x86_64-debian-clang 0.10.1 55.45 246.08 301.53 OK
r-devel-linux-x86_64-debian-gcc 0.10.1 45.46 200.82 246.28 OK
r-devel-linux-x86_64-fedora-clang 0.10.1 627.72 NOTE
r-devel-linux-x86_64-fedora-gcc 0.10.1 599.38 NOTE
r-devel-windows-x86_64 0.10.1 125.00 172.00 297.00 OK --no-vignettes
r-patched-linux-x86_64 0.10.1 35.27 225.65 260.92 OK
r-release-linux-x86_64 0.10.1 41.62 222.62 264.24 OK
r-release-macos-arm64 0.10.1 201.00 WARN
r-release-macos-x86_64 0.10.1 218.00 WARN
r-release-windows-x86_64 0.10.1 76.00 140.00 216.00 OK --no-vignettes
r-oldrel-macos-arm64 0.10.1 111.00 OK
r-oldrel-macos-x86_64 0.10.1 200.00 OK
r-oldrel-windows-ix86+x86_64 0.10.1 117.00 185.00 302.00 OK --no-vignettes

Check Details

Version: 0.10.1
Check: for detritus in the temp directory
Result: NOTE
    Found the following files/directories:
     ‘Crashpad’
Flavors: r-devel-linux-x86_64-fedora-clang, r-devel-linux-x86_64-fedora-gcc

Version: 0.10.1
Check: for missing documentation entries
Result: WARN
    Undocumented S4 methods:
     generic 'values<-' and siglist 'gridlayer,ANY'
    All user-level objects in a package (including S4 classes and methods)
    should have documentation entries.
    See chapter ‘Writing R documentation files’ in the ‘Writing R
    Extensions’ manual.
Flavors: r-release-macos-arm64, r-release-macos-x86_64