CRAN Package Check Results for Package icensBKL

Last updated on 2021-12-05 15:48:44 CET.

Flavor Version Tinstall Tcheck Ttotal Status Flags
r-devel-linux-x86_64-debian-clang 1.2 9.52 84.04 93.56 OK
r-devel-linux-x86_64-debian-gcc 1.2 7.38 66.30 73.68 OK
r-devel-linux-x86_64-fedora-clang 1.2 115.32 OK
r-devel-linux-x86_64-fedora-gcc 1.2 102.85 OK
r-devel-windows-x86_64-new-UL 1.2 17.00 119.00 136.00 OK
r-devel-windows-x86_64-new-TK 1.2 OK
r-devel-windows-x86_64-old 1.2 14.00 79.00 93.00 OK
r-patched-linux-x86_64 1.2 9.50 74.30 83.80 OK
r-release-linux-x86_64 1.2 7.85 82.02 89.87 OK
r-release-macos-arm64 1.2 NOTE
r-release-macos-x86_64 1.2 NOTE
r-release-windows-ix86+x86_64 1.2 20.00 103.00 123.00 OK
r-oldrel-macos-x86_64 1.2 NOTE
r-oldrel-windows-ix86+x86_64 1.2 20.00 101.00 121.00 OK

Check Details

Version: 1.2
Check: package dependencies
Result: NOTE
    Packages suggested but not available for checking: 'mixAK', 'runjags'
Flavor: r-release-macos-arm64

Version: 1.2
Check: package dependencies
Result: NOTE
    Package suggested but not available for checking: ‘mixAK’
Flavors: r-release-macos-x86_64, r-oldrel-macos-x86_64