CRAN Package Check Results for Package icecream

Last updated on 2024-07-13 03:49:17 CEST.

Flavor Version Tinstall Tcheck Ttotal Status Flags
r-devel-linux-x86_64-debian-clang 0.2.2 1.52 27.72 29.24 OK
r-devel-linux-x86_64-debian-gcc 0.2.2 1.82 21.18 23.00 OK
r-devel-linux-x86_64-fedora-clang 0.2.2 39.65 NOTE
r-devel-linux-x86_64-fedora-gcc 0.2.2 35.46 OK
r-devel-windows-x86_64 0.2.2 3.00 44.00 47.00 OK
r-patched-linux-x86_64 0.2.2 2.28 25.83 28.11 OK
r-release-linux-x86_64 0.2.2 2.25 26.25 28.50 OK
r-release-macos-arm64 0.2.2 15.00 OK
r-release-macos-x86_64 0.2.2 25.00 OK
r-release-windows-x86_64 0.2.2 3.00 43.00 46.00 OK
r-oldrel-macos-arm64 0.2.2 21.00 OK
r-oldrel-macos-x86_64 0.2.2 30.00 OK
r-oldrel-windows-x86_64 0.2.2 4.00 46.00 50.00 OK

Check Details

Version: 0.2.2
Check: Rd cross-references
Result: NOTE Undeclared package ‘tibble’ in Rd xrefs Flavor: r-devel-linux-x86_64-fedora-clang