CRAN Package Check Results for Package ical

Last updated on 2023-02-02 04:05:51 CET.

Flavor Version Tinstall Tcheck Ttotal Status Flags
r-devel-linux-x86_64-debian-clang 0.1.6 2.68 31.49 34.17 NOTE
r-devel-linux-x86_64-debian-gcc 0.1.6 1.92 24.93 26.85 NOTE
r-devel-linux-x86_64-fedora-clang 0.1.6 42.54 NOTE
r-devel-linux-x86_64-fedora-gcc 0.1.6 39.68 NOTE
r-patched-linux-x86_64 0.1.6 2.54 31.77 34.31 NOTE
r-release-linux-x86_64 0.1.6 2.83 31.65 34.48 NOTE
r-release-macos-arm64 0.1.6 17.00 NOTE
r-release-macos-x86_64 0.1.6 24.00 NOTE
r-release-windows-x86_64 0.1.6 5.00 68.00 73.00 NOTE
r-oldrel-macos-arm64 0.1.6 20.00 NOTE
r-oldrel-macos-x86_64 0.1.6 41.00 NOTE
r-oldrel-windows-ix86+x86_64 0.1.6 10.00 70.00 80.00 NOTE

Check Details

Version: 0.1.6
Check: LazyData
Result: NOTE
     'LazyData' is specified without a 'data' directory
Flavors: r-devel-linux-x86_64-debian-clang, r-devel-linux-x86_64-debian-gcc, r-devel-linux-x86_64-fedora-clang, r-devel-linux-x86_64-fedora-gcc, r-patched-linux-x86_64, r-release-linux-x86_64, r-release-macos-arm64, r-release-macos-x86_64, r-release-windows-x86_64, r-oldrel-macos-arm64, r-oldrel-macos-x86_64, r-oldrel-windows-ix86+x86_64