CRAN Package Check Results for Package ibd

Last updated on 2022-01-27 15:53:37 CET.

Flavor Version Tinstall Tcheck Ttotal Status Flags
r-devel-linux-x86_64-debian-clang 1.5 13.02 99.67 112.69 OK
r-devel-linux-x86_64-debian-gcc 1.5 10.60 76.27 86.87 OK
r-devel-linux-x86_64-fedora-clang 1.5 119.07 OK
r-devel-linux-x86_64-fedora-gcc 1.5 128.92 OK
r-devel-windows-x86_64-new-UL 1.5 25.00 114.00 139.00 OK
r-devel-windows-x86_64-new-TK 1.5 ERROR
r-patched-linux-x86_64 1.5 10.68 87.48 98.16 OK
r-release-linux-x86_64 1.5 9.64 85.00 94.64 OK
r-release-macos-arm64 1.5 OK
r-release-macos-x86_64 1.5 OK
r-release-windows-ix86+x86_64 1.5 23.00 104.00 127.00 OK
r-oldrel-macos-x86_64 1.5 OK
r-oldrel-windows-ix86+x86_64 1.5 192.00 109.00 301.00 OK

Check Details

Version: 1.5
Check: package dependencies
Result: ERROR
    Package required but not available: 'car'
    
    See section 'The DESCRIPTION file' in the 'Writing R Extensions'
    manual.
Flavor: r-devel-windows-x86_64-new-TK