CRAN Package Check Results for Package ib

Last updated on 2022-01-29 03:59:24 CET.

Flavor Version Tinstall Tcheck Ttotal Status Flags
r-devel-linux-x86_64-debian-clang 0.1.0 15.96 113.66 129.62 NOTE
r-devel-linux-x86_64-debian-gcc 0.1.0 13.83 86.65 100.48 NOTE
r-devel-linux-x86_64-fedora-clang 0.1.0 149.49 NOTE
r-devel-linux-x86_64-fedora-gcc 0.1.0 146.05 NOTE
r-devel-windows-x86_64-new-UL 0.1.0 63.00 129.00 192.00 NOTE
r-devel-windows-x86_64-new-TK 0.1.0 ERROR
r-patched-linux-x86_64 0.1.0 14.82 107.91 122.73 NOTE
r-release-linux-x86_64 0.1.0 15.83 104.27 120.10 NOTE
r-release-macos-arm64 0.1.0 NOTE
r-release-macos-x86_64 0.1.0 NOTE
r-release-windows-ix86+x86_64 0.1.0 35.00 119.00 154.00 NOTE
r-oldrel-macos-x86_64 0.1.0 OK
r-oldrel-windows-ix86+x86_64 0.1.0 36.00 123.00 159.00 OK

Check Details

Version: 0.1.0
Check: LazyData
Result: NOTE
     'LazyData' is specified without a 'data' directory
Flavors: r-devel-linux-x86_64-debian-clang, r-devel-linux-x86_64-debian-gcc, r-devel-linux-x86_64-fedora-clang, r-devel-linux-x86_64-fedora-gcc, r-devel-windows-x86_64-new-UL, r-patched-linux-x86_64, r-release-linux-x86_64, r-release-macos-arm64, r-release-macos-x86_64, r-release-windows-ix86+x86_64

Version: 0.1.0
Check: package dependencies
Result: ERROR
    Package required but not available: 'lme4'
    
    See section 'The DESCRIPTION file' in the 'Writing R Extensions'
    manual.
Flavor: r-devel-windows-x86_64-new-TK