CRAN Package Check Results for Package iSTATS

Last updated on 2024-07-18 03:56:38 CEST.

Flavor Version Tinstall Tcheck Ttotal Status Flags
r-devel-linux-x86_64-debian-clang 1.7 9.27 63.96 73.23 OK
r-devel-linux-x86_64-debian-gcc 1.7 7.02 49.31 56.33 OK
r-devel-linux-x86_64-fedora-clang 1.7 95.87 NOTE
r-devel-linux-x86_64-fedora-gcc 1.7 88.34 NOTE
r-devel-windows-x86_64 1.7 8.00 69.00 77.00 OK
r-patched-linux-x86_64 1.7 8.21 61.68 69.89 OK
r-release-linux-x86_64 1.7 5.03 63.08 68.11 OK
r-release-macos-arm64 1.7 31.00 OK
r-release-macos-x86_64 1.7 44.00 OK
r-release-windows-x86_64 1.7 8.00 69.00 77.00 OK
r-oldrel-macos-arm64 1.7 37.00 OK
r-oldrel-macos-x86_64 1.7 72.00 OK
r-oldrel-windows-x86_64 1.7 11.00 77.00 88.00 OK

Check Details

Version: 1.7
Check: dependencies in R code
Result: NOTE Namespace in Imports field not imported from: ‘readr’ All declared Imports should be used. Flavors: r-devel-linux-x86_64-fedora-clang, r-devel-linux-x86_64-fedora-gcc