CRAN Package Check Results for Package iMediate

Last updated on 2022-01-23 15:49:10 CET.

Flavor Version Tinstall Tcheck Ttotal Status Flags
r-devel-linux-x86_64-debian-clang 0.5.5 6.30 65.38 71.68 OK
r-devel-linux-x86_64-debian-gcc 0.5.5 5.39 55.61 61.00 OK
r-devel-linux-x86_64-fedora-clang 0.5.5 88.41 OK
r-devel-linux-x86_64-fedora-gcc 0.5.5 74.94 OK
r-devel-windows-x86_64-new-UL 0.5.5 21.00 84.00 105.00 OK
r-devel-windows-x86_64-new-TK 0.5.5 ERROR
r-patched-linux-x86_64 0.5.5 6.16 61.97 68.13 OK
r-release-linux-x86_64 0.5.5 4.98 62.35 67.33 OK
r-release-macos-arm64 0.5.5 OK
r-release-macos-x86_64 0.5.5 OK
r-release-windows-ix86+x86_64 0.5.5 17.00 75.00 92.00 OK
r-oldrel-macos-x86_64 0.5.5 OK
r-oldrel-windows-ix86+x86_64 0.5.5 17.00 100.00 117.00 OK

Check Details

Version: 0.5.5
Check: package dependencies
Result: ERROR
    Package required but not available: 'MBESS'
    
    Package suggested but not available for checking: 'mediation'
    
    See section 'The DESCRIPTION file' in the 'Writing R Extensions'
    manual.
Flavor: r-devel-windows-x86_64-new-TK