CRAN Package Check Results for Package iBreakDown

Last updated on 2021-11-28 03:54:09 CET.

Flavor Version Tinstall Tcheck Ttotal Status Flags
r-devel-linux-x86_64-debian-clang 2.0.1 OK
r-devel-linux-x86_64-debian-gcc 2.0.1 5.00 222.98 227.98 OK
r-devel-linux-x86_64-fedora-clang 2.0.1 364.84 OK
r-devel-linux-x86_64-fedora-gcc 2.0.1 341.52 OK
r-devel-windows-x86_64-new-UL 2.0.1 16.00 387.00 403.00 OK
r-devel-windows-x86_64-new-TK 2.0.1 OK
r-devel-windows-x86_64-old 2.0.1 10.00 405.00 415.00 OK
r-patched-linux-x86_64 2.0.1 4.92 270.91 275.83 OK
r-patched-solaris-x86 2.0.1 507.00 OK
r-release-linux-x86_64 2.0.1 OK
r-release-macos-arm64 2.0.1 OK
r-release-macos-x86_64 2.0.1 WARN
r-release-windows-ix86+x86_64 2.0.1 16.00 309.00 325.00 OK
r-oldrel-macos-x86_64 2.0.1 WARN
r-oldrel-windows-ix86+x86_64 2.0.1 17.00 385.00 402.00 OK

Check Details

Version: 2.0.1
Check: re-building of vignette outputs
Result: WARN
    Error(s) in re-building vignettes:
    --- re-building ‘vignette_iBreakDown_description.Rmd’ using rmarkdown
    Warning in engine$weave(file, quiet = quiet, encoding = enc) :
     Pandoc (>= 1.12.3) not available. Falling back to R Markdown v1.
    Welcome to DALEX (version: 2.2.0).
    Find examples and detailed introduction at: http://ema.drwhy.ai/
    
    randomForest 4.6-14
    Type rfNews() to see new features/changes/bug fixes.
    Warning in randomForest.default(m, y, ...) :
     The response has five or fewer unique values. Are you sure you want to do regression?
    --- finished re-building ‘vignette_iBreakDown_description.Rmd’
    
    --- re-building ‘vignette_iBreakDown_titanic.Rmd’ using rmarkdown
    Warning in engine$weave(file, quiet = quiet, encoding = enc) :
     Pandoc (>= 1.12.3) not available. Falling back to R Markdown v1.
    Welcome to DALEX (version: 2.2.0).
    Find examples and detailed introduction at: http://ema.drwhy.ai/
    
    randomForest 4.6-14
    Type rfNews() to see new features/changes/bug fixes.
    Warning in randomForest.default(m, y, ...) :
     The response has five or fewer unique values. Are you sure you want to do regression?
    PhantomJS not found. You can install it with webshot::install_phantomjs(). If it is installed, please make sure the phantomjs executable can be found via the PATH variable.
    PhantomJS not found. You can install it with webshot::install_phantomjs(). If it is installed, please make sure the phantomjs executable can be found via the PATH variable.
    Quitting from lines 91-92 (vignette_iBreakDown_titanic.Rmd)
    Error: processing vignette 'vignette_iBreakDown_titanic.Rmd' failed with diagnostics:
    invalid 'path' argument
    --- failed re-building ‘vignette_iBreakDown_titanic.Rmd’
    
    SUMMARY: processing the following file failed:
     ‘vignette_iBreakDown_titanic.Rmd’
    
    Error: Vignette re-building failed.
    Execution halted
Flavors: r-release-macos-x86_64, r-oldrel-macos-x86_64