CRAN Package Check Results for Package hystReet

Last updated on 2024-07-18 03:56:37 CEST.

Flavor Version Tinstall Tcheck Ttotal Status Flags
r-devel-linux-x86_64-debian-clang 0.0.3 4.19 48.83 53.02 OK
r-devel-linux-x86_64-debian-gcc 0.0.3 2.95 37.12 40.07 OK
r-devel-linux-x86_64-fedora-clang 0.0.3 66.95 NOTE
r-devel-linux-x86_64-fedora-gcc 0.0.3 75.91 NOTE
r-devel-windows-x86_64 0.0.3 5.00 57.00 62.00 OK
r-patched-linux-x86_64 0.0.3 3.45 46.82 50.27 OK
r-release-linux-x86_64 0.0.3 4.04 46.58 50.62 OK
r-release-macos-arm64 0.0.3 29.00 OK
r-release-macos-x86_64 0.0.3 40.00 OK
r-release-windows-x86_64 0.0.3 4.00 56.00 60.00 OK
r-oldrel-macos-arm64 0.0.3 28.00 OK
r-oldrel-macos-x86_64 0.0.3 41.00 OK
r-oldrel-windows-x86_64 0.0.3 5.00 59.00 64.00 OK

Check Details

Version: 0.0.3
Check: data for non-ASCII characters
Result: NOTE Note: found 38558 marked UTF-8 strings Flavors: r-devel-linux-x86_64-fedora-clang, r-devel-linux-x86_64-fedora-gcc