CRAN Package Check Results for Package hypoRF

Last updated on 2024-07-16 15:48:13 CEST.

Flavor Version Tinstall Tcheck Ttotal Status Flags
r-devel-linux-x86_64-debian-clang 1.0.0 2.37 29.67 32.04 OK
r-devel-linux-x86_64-debian-gcc 1.0.0 1.65 22.37 24.02 OK
r-devel-linux-x86_64-fedora-clang 1.0.0 38.97 OK
r-devel-linux-x86_64-fedora-gcc 1.0.0 36.54 OK
r-devel-windows-x86_64 1.0.0 3.00 49.00 52.00 NOTE
r-patched-linux-x86_64 1.0.0 4.15 21.73 25.88 OK
r-release-linux-x86_64 1.0.0 1.92 28.08 30.00 OK
r-release-macos-arm64 1.0.0 17.00 OK
r-release-macos-x86_64 1.0.0 24.00 OK
r-release-windows-x86_64 1.0.0 3.00 49.00 52.00 OK
r-oldrel-macos-arm64 1.0.0 20.00 OK
r-oldrel-macos-x86_64 1.0.0 23.00 OK
r-oldrel-windows-x86_64 1.0.0 4.00 50.00 54.00 OK

Check Details

Version: 1.0.0
Check: Rd cross-references
Result: NOTE Found the following Rd file(s) with Rd \link{} targets missing package anchors: hypoRF.Rd: ranger Please provide package anchors for all Rd \link{} targets not in the package itself and the base packages. Flavor: r-devel-windows-x86_64