CRAN Package Check Results for Package hydrotoolbox

Last updated on 2024-07-16 03:54:22 CEST.

Flavor Version Tinstall Tcheck Ttotal Status Flags
r-devel-linux-x86_64-debian-clang 1.1.2 114.56 123.08 237.64 OK
r-devel-linux-x86_64-debian-gcc 1.1.2 74.25 141.56 215.81 OK
r-devel-linux-x86_64-fedora-clang 1.1.2 403.38 NOTE
r-devel-linux-x86_64-fedora-gcc 1.1.2 398.96 OK
r-devel-windows-x86_64 1.1.2 80.00 184.00 264.00 NOTE
r-patched-linux-x86_64 1.1.2 85.25 126.39 211.64 OK
r-release-linux-x86_64 1.1.2 59.34 126.04 185.38 OK
r-release-macos-arm64 1.1.2 123.00 NOTE
r-release-macos-x86_64 1.1.2 164.00 NOTE
r-release-windows-x86_64 1.1.2 84.00 184.00 268.00 NOTE
r-oldrel-macos-arm64 1.1.2 122.00 NOTE
r-oldrel-macos-x86_64 1.1.2 179.00 NOTE
r-oldrel-windows-x86_64 1.1.2 104.00 227.00 331.00 NOTE

Check Details

Version: 1.1.2
Check: installed package size
Result: NOTE installed size is 6.5Mb sub-directories of 1Mb or more: extdata 5.5Mb Flavors: r-devel-linux-x86_64-fedora-clang, r-devel-windows-x86_64, r-release-macos-arm64, r-release-macos-x86_64, r-release-windows-x86_64, r-oldrel-macos-arm64, r-oldrel-macos-x86_64, r-oldrel-windows-x86_64