CRAN Package Check Results for Package hwep

Last updated on 2024-07-19 03:57:22 CEST.

Flavor Version Tinstall Tcheck Ttotal Status Flags
r-devel-linux-x86_64-debian-clang 2.0.2 321.69 166.51 488.20 NOTE
r-devel-linux-x86_64-debian-gcc 2.0.2 277.92 192.23 470.15 NOTE
r-devel-linux-x86_64-fedora-clang 2.0.2 730.13 NOTE
r-devel-linux-x86_64-fedora-gcc 2.0.2 882.82 NOTE
r-devel-windows-x86_64 2.0.2 242.00 255.00 497.00 NOTE
r-patched-linux-x86_64 2.0.2 229.90 177.16 407.06 NOTE
r-release-linux-x86_64 2.0.2 232.36 183.53 415.89 NOTE
r-release-macos-arm64 2.0.2 192.00 NOTE
r-release-macos-x86_64 2.0.2 261.00 NOTE
r-release-windows-x86_64 2.0.2 260.00 255.00 515.00 NOTE
r-oldrel-macos-arm64 2.0.2 160.00 NOTE
r-oldrel-macos-x86_64 2.0.2 259.00 NOTE
r-oldrel-windows-x86_64 2.0.2 330.00 305.00 635.00 NOTE

Check Details

Version: 2.0.2
Check: Rd files
Result: NOTE checkRd: (-1) simgl.Rd:50: Lost braces; missing escapes or markup? 50 | Uses the {updog} R package for simulating read counts and generating | ^ Flavors: r-devel-linux-x86_64-debian-clang, r-devel-linux-x86_64-debian-gcc, r-devel-linux-x86_64-fedora-clang, r-devel-linux-x86_64-fedora-gcc, r-devel-windows-x86_64, r-patched-linux-x86_64, r-release-linux-x86_64, r-release-macos-arm64, r-release-macos-x86_64, r-release-windows-x86_64

Version: 2.0.2
Check: for GNU extensions in Makefiles
Result: NOTE GNU make is a SystemRequirements. Flavors: r-devel-linux-x86_64-debian-clang, r-devel-linux-x86_64-debian-gcc, r-devel-linux-x86_64-fedora-clang, r-devel-linux-x86_64-fedora-gcc, r-devel-windows-x86_64, r-patched-linux-x86_64, r-release-linux-x86_64, r-release-macos-arm64, r-release-macos-x86_64, r-release-windows-x86_64, r-oldrel-macos-arm64, r-oldrel-macos-x86_64, r-oldrel-windows-x86_64

Version: 2.0.2
Check: Rd cross-references
Result: NOTE Found the following Rd file(s) with Rd \link{} targets missing package anchors: hwep-package.Rd: future Please provide package anchors for all Rd \link{} targets not in the package itself and the base packages. Flavor: r-devel-windows-x86_64

Version: 2.0.2
Check: installed package size
Result: NOTE installed size is 50.2Mb sub-directories of 1Mb or more: libs 49.6Mb Flavors: r-release-macos-arm64, r-release-macos-x86_64, r-oldrel-macos-arm64, r-oldrel-macos-x86_64