CRAN Package Check Results for Package httr2

Last updated on 2024-07-16 03:54:21 CEST.

Flavor Version Tinstall Tcheck Ttotal Status Flags
r-devel-linux-x86_64-debian-clang 1.0.1 11.75 121.51 133.26 OK
r-devel-linux-x86_64-debian-gcc 1.0.1 7.90 87.62 95.52 OK
r-devel-linux-x86_64-fedora-clang 1.0.1 165.33 OK
r-devel-linux-x86_64-fedora-gcc 1.0.1 169.78 OK
r-devel-windows-x86_64 1.0.1 21.00 149.00 170.00 NOTE
r-patched-linux-x86_64 1.0.1 14.29 115.14 129.43 OK
r-release-linux-x86_64 1.0.1 10.12 116.46 126.58 OK
r-release-macos-arm64 1.0.1 66.00 OK
r-release-macos-x86_64 1.0.1 87.00 ERROR
r-release-windows-x86_64 1.0.1 20.00 147.00 167.00 OK
r-oldrel-macos-arm64 1.0.1 73.00 OK
r-oldrel-macos-x86_64 1.0.1 154.00 OK
r-oldrel-windows-x86_64 1.0.1 26.00 164.00 190.00 OK

Check Details

Version: 1.0.1
Check: Rd cross-references
Result: NOTE Found the following Rd file(s) with Rd \link{} targets missing package anchors: progress_bars.Rd: inline-markup Please provide package anchors for all Rd \link{} targets not in the package itself and the base packages. Flavor: r-devel-windows-x86_64

Version: 1.0.1
Check: re-building of vignette outputs
Result: ERROR Error(s) in re-building vignettes: ... --- re-building ‘httr2.Rmd’ using rmarkdown Quitting from lines 39-41 [unnamed-chunk-2] (httr2.Rmd) Error: processing vignette 'httr2.Rmd' failed with diagnostics: there is no package called 'callr' --- failed re-building ‘httr2.Rmd’ SUMMARY: processing the following file failed: ‘httr2.Rmd’ Error: Vignette re-building failed. Execution halted Flavor: r-release-macos-x86_64