CRAN Package Check Results for Package httr

Last updated on 2021-11-30 03:56:57 CET.

Flavor Version Tinstall Tcheck Ttotal Status Flags
r-devel-linux-x86_64-debian-clang 1.4.2 7.31 47.20 54.51 OK
r-devel-linux-x86_64-debian-gcc 1.4.2 6.55 37.25 43.80 OK
r-devel-linux-x86_64-fedora-clang 1.4.2 79.37 OK
r-devel-linux-x86_64-fedora-gcc 1.4.2 76.67 OK
r-devel-windows-x86_64-new-UL 1.4.2 27.00 135.00 162.00 OK
r-devel-windows-x86_64-new-TK 1.4.2 OK
r-devel-windows-x86_64-old 1.4.2 13.00 88.00 101.00 OK
r-patched-linux-x86_64 1.4.2 9.59 47.14 56.73 OK
r-patched-solaris-x86 1.4.2 87.10 OK
r-release-linux-x86_64 1.4.2 8.07 46.46 54.53 WARN
r-release-macos-arm64 1.4.2 OK
r-release-macos-x86_64 1.4.2 OK
r-release-windows-ix86+x86_64 1.4.2 14.00 84.00 98.00 OK
r-oldrel-macos-x86_64 1.4.2 OK
r-oldrel-windows-ix86+x86_64 1.4.2 9.00 83.00 92.00 OK

Check Details

Version: 1.4.2
Check: re-building of vignette outputs
Result: WARN
    Error(s) in re-building vignettes:
     ...
    --- re-building ‘api-packages.Rmd’ using rmarkdown
    Quitting from lines 160-187 (api-packages.Rmd)
    Error: processing vignette 'api-packages.Rmd' failed with diagnostics:
    API did not return json
    --- failed re-building ‘api-packages.Rmd’
    
    --- re-building ‘quickstart.Rmd’ using rmarkdown
    --- finished re-building ‘quickstart.Rmd’
    
    --- re-building ‘secrets.Rmd’ using rmarkdown
    --- finished re-building ‘secrets.Rmd’
    
    SUMMARY: processing the following file failed:
     ‘api-packages.Rmd’
    
    Error: Vignette re-building failed.
    Execution halted
Flavor: r-release-linux-x86_64