CRAN Package Check Results for Package httpgd

Last updated on 2022-01-23 02:56:14 CET.

Flavor Version Tinstall Tcheck Ttotal Status Flags
r-devel-linux-x86_64-debian-clang 1.2.1 196.88 44.78 241.66 OK
r-devel-linux-x86_64-debian-gcc 1.2.1 159.76 34.52 194.28 OK
r-devel-linux-x86_64-fedora-clang 1.2.1 351.90 NOTE
r-devel-linux-x86_64-fedora-gcc 1.2.1 351.02 OK
r-devel-windows-x86_64-new-UL 1.2.1 341.00 6.00 347.00 ERROR
r-devel-windows-x86_64-new-TK 1.2.1 ERROR
r-patched-linux-x86_64 1.2.1 187.07 42.75 229.82 OK
r-release-linux-x86_64 1.2.1 185.32 42.52 227.84 OK
r-release-macos-arm64 1.2.1 NOTE
r-release-macos-x86_64 1.2.1 NOTE
r-release-windows-ix86+x86_64 1.2.1 464.00 128.00 592.00 NOTE
r-oldrel-macos-x86_64 1.2.1 NOTE
r-oldrel-windows-ix86+x86_64 1.2.1 471.00 107.00 578.00 NOTE

Check Details

Version: 1.2.1
Check: installed package size
Result: NOTE
     installed size is 26.1Mb
     sub-directories of 1Mb or more:
     libs 25.7Mb
Flavors: r-devel-linux-x86_64-fedora-clang, r-release-macos-arm64, r-release-macos-x86_64, r-release-windows-ix86+x86_64, r-oldrel-macos-x86_64, r-oldrel-windows-ix86+x86_64

Version: 1.2.1
Check: whether package can be installed
Result: ERROR
    Installation failed.
Flavors: r-devel-windows-x86_64-new-UL, r-devel-windows-x86_64-new-TK