CRAN Package Check Results for Package html2R

Last updated on 2024-07-20 15:48:45 CEST.

Flavor Version Tinstall Tcheck Ttotal Status Flags
r-devel-linux-x86_64-debian-clang 0.1.0 4.73 41.31 46.04 NOTE
r-devel-linux-x86_64-debian-gcc 0.1.0 3.93 31.81 35.74 NOTE
r-devel-linux-x86_64-fedora-clang 0.1.0 56.38 NOTE
r-devel-linux-x86_64-fedora-gcc 0.1.0 53.43 NOTE
r-devel-windows-x86_64 0.1.0 7.00 50.00 57.00 NOTE
r-patched-linux-x86_64 0.1.0 4.62 40.01 44.63 NOTE
r-release-linux-x86_64 0.1.0 4.32 38.06 42.38 NOTE
r-release-macos-arm64 0.1.0 22.00 NOTE
r-release-macos-x86_64 0.1.0 32.00 NOTE
r-release-windows-x86_64 0.1.0 5.00 50.00 55.00 NOTE
r-oldrel-macos-arm64 0.1.0 24.00 NOTE
r-oldrel-macos-x86_64 0.1.0 30.00 NOTE
r-oldrel-windows-x86_64 0.1.0 7.00 52.00 59.00 NOTE

Check Details

Version: 0.1.0
Check: LazyData
Result: NOTE 'LazyData' is specified without a 'data' directory Flavors: r-devel-linux-x86_64-debian-clang, r-devel-linux-x86_64-debian-gcc, r-devel-linux-x86_64-fedora-clang, r-devel-linux-x86_64-fedora-gcc, r-devel-windows-x86_64, r-patched-linux-x86_64, r-release-linux-x86_64, r-release-macos-arm64, r-release-macos-x86_64, r-release-windows-x86_64, r-oldrel-macos-arm64, r-oldrel-macos-x86_64, r-oldrel-windows-x86_64