CRAN Package Check Results for Package hrqglas

Last updated on 2024-07-12 15:52:49 CEST.

Flavor Version Tinstall Tcheck Ttotal Status Flags
r-devel-linux-x86_64-debian-clang 1.1.0 8.64 67.87 76.51 OK
r-devel-linux-x86_64-debian-gcc 1.1.0 6.88 51.16 58.04 OK
r-devel-linux-x86_64-fedora-clang 1.1.0 97.11 NOTE
r-devel-linux-x86_64-fedora-gcc 1.1.0 92.22 NOTE
r-devel-windows-x86_64 1.1.0 10.00 67.00 77.00 OK
r-patched-linux-x86_64 1.1.0 8.22 64.20 72.42 OK
r-release-linux-x86_64 1.1.0 8.97 65.61 74.58 OK
r-release-macos-arm64 1.1.0 28.00 OK
r-release-macos-x86_64 1.1.0 42.00 OK
r-release-windows-x86_64 1.1.0 10.00 66.00 76.00 OK
r-oldrel-macos-arm64 1.1.0 36.00 OK
r-oldrel-macos-x86_64 1.1.0 50.00 OK
r-oldrel-windows-x86_64 1.1.0 13.00 78.00 91.00 OK

Check Details

Version: 1.1.0
Check: dependencies in R code
Result: NOTE Namespaces in Imports field not imported from: ‘Rcpp’ ‘quantreg’ All declared Imports should be used. Flavors: r-devel-linux-x86_64-fedora-clang, r-devel-linux-x86_64-fedora-gcc