Last updated on 2023-03-24 03:54:18 CET.
Flavor | Version | Tinstall | Tcheck | Ttotal | Status | Flags |
---|---|---|---|---|---|---|
r-devel-linux-x86_64-debian-clang | 1.2-6 | 4.56 | 57.00 | 61.56 | NOTE | |
r-devel-linux-x86_64-debian-gcc | 1.2-6 | 3.49 | 43.44 | 46.93 | NOTE | |
r-devel-linux-x86_64-fedora-clang | 1.2-6 | 82.66 | NOTE | |||
r-devel-linux-x86_64-fedora-gcc | 1.2-6 | 76.46 | NOTE | |||
r-patched-linux-x86_64 | 1.2-6 | 5.16 | 56.43 | 61.59 | NOTE | |
r-release-linux-x86_64 | 1.2-6 | 5.44 | 56.52 | 61.96 | NOTE | |
r-release-macos-arm64 | 1.2-6 | 24.00 | NOTE | |||
r-release-macos-x86_64 | 1.2-6 | 38.00 | NOTE | |||
r-release-windows-x86_64 | 1.2-6 | 22.00 | 96.00 | 118.00 | NOTE | |
r-oldrel-macos-arm64 | 1.2-6 | 34.00 | NOTE | |||
r-oldrel-macos-x86_64 | 1.2-6 | 52.00 | NOTE | |||
r-oldrel-windows-ix86+x86_64 | 1.2-6 | 9.00 | 89.00 | 98.00 | NOTE |
Version: 1.2-6
Check: package dependencies
Result: NOTE
Package suggested but not available for checking: ‘glmmADMB’
Flavors: r-devel-linux-x86_64-debian-clang, r-devel-linux-x86_64-debian-gcc, r-devel-linux-x86_64-fedora-clang, r-devel-linux-x86_64-fedora-gcc, r-patched-linux-x86_64, r-release-linux-x86_64, r-release-macos-arm64, r-release-macos-x86_64, r-release-windows-x86_64, r-oldrel-macos-arm64, r-oldrel-macos-x86_64, r-oldrel-windows-ix86+x86_64