CRAN Package Check Results for Package hmgm

Last updated on 2022-01-22 15:52:14 CET.

Flavor Version Tinstall Tcheck Ttotal Status Flags
r-devel-linux-x86_64-debian-clang 1.0.3 9.90 113.04 122.94 OK
r-devel-linux-x86_64-debian-gcc 1.0.3 8.91 84.37 93.28 OK
r-devel-linux-x86_64-fedora-clang 1.0.3 150.76 NOTE
r-devel-linux-x86_64-fedora-gcc 1.0.3 135.84 NOTE
r-devel-windows-x86_64-new-UL 1.0.3 28.00 123.00 151.00 OK
r-devel-windows-x86_64-new-TK 1.0.3 NOTE
r-patched-linux-x86_64 1.0.3 13.08 109.27 122.35 OK
r-release-linux-x86_64 1.0.3 12.16 109.26 121.42 OK
r-release-macos-arm64 1.0.3 NOTE
r-release-macos-x86_64 1.0.3 NOTE
r-release-windows-ix86+x86_64 1.0.3 25.00 118.00 143.00 OK
r-oldrel-macos-x86_64 1.0.3 NOTE
r-oldrel-windows-ix86+x86_64 1.0.3 26.00 125.00 151.00 OK

Check Details

Version: 1.0.3
Check: dependencies in R code
Result: NOTE
    Namespaces in Imports field not imported from:
     ‘Rcpp’ ‘methods’ ‘rgl’
     All declared Imports should be used.
Flavors: r-devel-linux-x86_64-fedora-clang, r-devel-linux-x86_64-fedora-gcc, r-devel-windows-x86_64-new-TK, r-release-macos-arm64, r-release-macos-x86_64, r-oldrel-macos-x86_64