CRAN Package Check Results for Package hit

Last updated on 2022-01-22 15:52:14 CET.

Flavor Version Tinstall Tcheck Ttotal Status Flags
r-devel-linux-x86_64-debian-clang 0.4.0 23.07 101.83 124.90 OK
r-devel-linux-x86_64-debian-gcc 0.4.0 18.97 77.18 96.15 OK
r-devel-linux-x86_64-fedora-clang 0.4.0 160.67 NOTE
r-devel-linux-x86_64-fedora-gcc 0.4.0 147.99 NOTE
r-devel-windows-x86_64-new-UL 0.4.0 42.00 137.00 179.00 OK
r-devel-windows-x86_64-new-TK 0.4.0 OK
r-patched-linux-x86_64 0.4.0 22.09 99.05 121.14 OK
r-release-linux-x86_64 0.4.0 22.81 100.17 122.98 OK
r-release-macos-arm64 0.4.0 OK
r-release-macos-x86_64 0.4.0 OK
r-release-windows-ix86+x86_64 0.4.0 66.00 176.00 242.00 OK
r-oldrel-macos-x86_64 0.4.0 OK
r-oldrel-windows-ix86+x86_64 0.4.0 63.00 185.00 248.00 OK

Check Details

Version: 0.4.0
Check: compiled code
Result: NOTE
    File ‘hit/libs/hit.so’:
     Found no calls to: ‘R_registerRoutines’, ‘R_useDynamicSymbols’
    
    It is good practice to register native routines and to disable symbol
    search.
    
    See ‘Writing portable packages’ in the ‘Writing R Extensions’ manual.
Flavors: r-devel-linux-x86_64-fedora-clang, r-devel-linux-x86_64-fedora-gcc