CRAN Package Check Results for Package hilbertSimilarity

Last updated on 2021-12-06 15:52:10 CET.

Flavor Version Tinstall Tcheck Ttotal Status Flags
r-devel-linux-x86_64-debian-clang 0.4.3 17.58 192.00 209.58 NOTE
r-devel-linux-x86_64-debian-gcc 0.4.3 11.82 144.01 155.83 NOTE
r-devel-linux-x86_64-fedora-clang 0.4.3 265.57 NOTE
r-devel-linux-x86_64-fedora-gcc 0.4.3 251.52 NOTE
r-devel-windows-x86_64-new-UL 0.4.3 31.00 279.00 310.00 NOTE
r-devel-windows-x86_64-new-TK 0.4.3 NOTE
r-devel-windows-x86_64-old 0.4.3 25.00 178.00 203.00 NOTE
r-patched-linux-x86_64 0.4.3 14.48 184.58 199.06 NOTE
r-release-linux-x86_64 0.4.3 15.36 194.04 209.40 NOTE
r-release-macos-arm64 0.4.3 NOTE
r-release-macos-x86_64 0.4.3 NOTE
r-release-windows-ix86+x86_64 0.4.3 46.00 256.00 302.00 NOTE
r-oldrel-macos-x86_64 0.4.3 OK
r-oldrel-windows-ix86+x86_64 0.4.3 45.00 263.00 308.00 OK

Check Details

Version: 0.4.3
Check: LazyData
Result: NOTE
     'LazyData' is specified without a 'data' directory
Flavors: r-devel-linux-x86_64-debian-clang, r-devel-linux-x86_64-debian-gcc, r-devel-linux-x86_64-fedora-clang, r-devel-linux-x86_64-fedora-gcc, r-devel-windows-x86_64-new-UL, r-devel-windows-x86_64-new-TK, r-devel-windows-x86_64-old, r-patched-linux-x86_64, r-release-linux-x86_64, r-release-macos-arm64, r-release-macos-x86_64, r-release-windows-ix86+x86_64