CRAN Package Check Results for Package highlight

Last updated on 2022-05-22 15:53:20 CEST.

Flavor Version Tinstall Tcheck Ttotal Status Flags
r-devel-linux-x86_64-debian-clang 0.5.0 65.64 38.63 104.27 OK
r-devel-linux-x86_64-debian-gcc 0.5.0 60.21 29.59 89.80 OK
r-devel-linux-x86_64-fedora-clang 0.5.0 179.93 NOTE
r-devel-linux-x86_64-fedora-gcc 0.5.0 141.77 OK
r-devel-windows-x86_64 0.5.0 200.00 86.00 286.00 OK
r-patched-linux-x86_64 0.5.0 65.93 36.28 102.21 OK
r-release-linux-x86_64 0.5.0 60.93 36.78 97.71 OK
r-release-macos-arm64 0.5.0 47.00 NOTE
r-release-macos-x86_64 0.5.0 58.00 NOTE
r-release-windows-x86_64 0.5.0 97.00 77.00 174.00 OK
r-oldrel-macos-arm64 0.5.0 52.00 NOTE
r-oldrel-macos-x86_64 0.5.0 83.00 NOTE
r-oldrel-windows-ix86+x86_64 0.5.0 166.00 54.00 220.00 OK

Check Details

Version: 0.5.0
Check: installed package size
Result: NOTE
     installed size is 6.4Mb
     sub-directories of 1Mb or more:
     highlight 1.1Mb
     libs 5.1Mb
Flavors: r-devel-linux-x86_64-fedora-clang, r-release-macos-arm64, r-release-macos-x86_64, r-oldrel-macos-arm64, r-oldrel-macos-x86_64