CRAN Package Check Results for Package highcharter

Last updated on 2022-09-30 04:59:10 CEST.

Flavor Version Tinstall Tcheck Ttotal Status Flags
r-devel-linux-x86_64-debian-clang 0.9.4 15.22 147.70 162.92 OK
r-devel-linux-x86_64-debian-gcc 0.9.4 10.95 105.78 116.73 OK
r-devel-linux-x86_64-fedora-clang 0.9.4 212.89 NOTE
r-devel-linux-x86_64-fedora-gcc 0.9.4 208.65 NOTE
r-devel-windows-x86_64 0.9.4 231.00 265.00 496.00 OK
r-patched-linux-x86_64 0.9.4 14.95 135.25 150.20 OK
r-release-linux-x86_64 0.9.4 10.01 132.86 142.87 OK
r-release-macos-arm64 0.9.4 57.00 NOTE
r-release-macos-x86_64 0.9.4 111.00 NOTE
r-release-windows-x86_64 0.9.4 199.00 260.00 459.00 OK
r-oldrel-macos-arm64 0.9.4 53.00 NOTE
r-oldrel-macos-x86_64 0.9.4 77.00 NOTE
r-oldrel-windows-ix86+x86_64 0.9.4 32.00 197.00 229.00 OK

Check Details

Version: 0.9.4
Check: data for non-ASCII characters
Result: NOTE
     Note: found 11 marked UTF-8 strings
Flavors: r-devel-linux-x86_64-fedora-clang, r-devel-linux-x86_64-fedora-gcc, r-release-macos-arm64, r-release-macos-x86_64, r-oldrel-macos-arm64, r-oldrel-macos-x86_64